{"id":130,"date":"2022-11-01T13:53:09","date_gmt":"2022-11-01T10:53:09","guid":{"rendered":"https:\/\/aydemcatioluk.com\/?page_id=130"},"modified":"2022-11-01T19:33:08","modified_gmt":"2022-11-01T16:33:08","slug":"kupecte-ustu-sac-kaplama","status":"publish","type":"page","link":"https:\/\/aydemcatioluk.com\/?page_id=130","title":{"rendered":"K\u00fcpe\u00e7te \u00dcst\u00fc Sac Kaplama"},"content":{"rendered":"","protected":false},"excerpt":{"rendered":"","protected":false},"author":1,"featured_media":0,"parent":0,"menu_order":0,"comment_status":"closed","ping_status":"closed","template":"","meta":{"_joinchat":[],"footnotes":""},"class_list":["post-130","page","type-page","status-publish","hentry"],"_links":{"self":[{"href":"https:\/\/aydemcatioluk.com\/index.php?rest_route=\/wp\/v2\/pages\/130","targetHints":{"allow":["GET"]}}],"collection":[{"href":"https:\/\/aydemcatioluk.com\/index.php?rest_route=\/wp\/v2\/pages"}],"about":[{"href":"https:\/\/aydemcatioluk.com\/index.php?rest_route=\/wp\/v2\/types\/page"}],"author":[{"embeddable":true,"href":"https:\/\/aydemcatioluk.com\/index.php?rest_route=\/wp\/v2\/users\/1"}],"replies":[{"embeddable":true,"href":"https:\/\/aydemcatioluk.com\/index.php?rest_route=%2Fwp%2Fv2%2Fcomments&post=130"}],"version-history":[{"count":5,"href":"https:\/\/aydemcatioluk.com\/index.php?rest_route=\/wp\/v2\/pages\/130\/revisions"}],"predecessor-version":[{"id":257,"href":"https:\/\/aydemcatioluk.com\/index.php?rest_route=\/wp\/v2\/pages\/130\/revisions\/257"}],"wp:attachment":[{"href":"https:\/\/aydemcatioluk.com\/index.php?rest_route=%2Fwp%2Fv2%2Fmedia&parent=130"}],"curies":[{"name":"wp","href":"https:\/\/api.w.org\/{rel}","templated":true}]}}