{"id":115,"date":"2022-11-01T13:46:41","date_gmt":"2022-11-01T10:46:41","guid":{"rendered":"https:\/\/aydemcatioluk.com\/?page_id=115"},"modified":"2022-11-01T19:28:33","modified_gmt":"2022-11-01T16:28:33","slug":"yagmur-inis-borulari","status":"publish","type":"page","link":"https:\/\/aydemcatioluk.com\/?page_id=115","title":{"rendered":"Ya\u011fmur \u0130ni\u015f Borular\u0131"},"content":{"rendered":"","protected":false},"excerpt":{"rendered":"","protected":false},"author":1,"featured_media":0,"parent":0,"menu_order":0,"comment_status":"closed","ping_status":"closed","template":"","meta":{"_joinchat":[],"footnotes":""},"class_list":["post-115","page","type-page","status-publish","hentry"],"_links":{"self":[{"href":"https:\/\/aydemcatioluk.com\/index.php?rest_route=\/wp\/v2\/pages\/115","targetHints":{"allow":["GET"]}}],"collection":[{"href":"https:\/\/aydemcatioluk.com\/index.php?rest_route=\/wp\/v2\/pages"}],"about":[{"href":"https:\/\/aydemcatioluk.com\/index.php?rest_route=\/wp\/v2\/types\/page"}],"author":[{"embeddable":true,"href":"https:\/\/aydemcatioluk.com\/index.php?rest_route=\/wp\/v2\/users\/1"}],"replies":[{"embeddable":true,"href":"https:\/\/aydemcatioluk.com\/index.php?rest_route=%2Fwp%2Fv2%2Fcomments&post=115"}],"version-history":[{"count":5,"href":"https:\/\/aydemcatioluk.com\/index.php?rest_route=\/wp\/v2\/pages\/115\/revisions"}],"predecessor-version":[{"id":249,"href":"https:\/\/aydemcatioluk.com\/index.php?rest_route=\/wp\/v2\/pages\/115\/revisions\/249"}],"wp:attachment":[{"href":"https:\/\/aydemcatioluk.com\/index.php?rest_route=%2Fwp%2Fv2%2Fmedia&parent=115"}],"curies":[{"name":"wp","href":"https:\/\/api.w.org\/{rel}","templated":true}]}}